{"id":2,"date":"2025-10-23T19:38:10","date_gmt":"2025-10-23T19:38:10","guid":{"rendered":"https:\/\/mediavisuel.com\/?page_id=2"},"modified":"2025-10-24T16:41:37","modified_gmt":"2025-10-24T16:41:37","slug":"sample-page","status":"publish","type":"page","link":"https:\/\/mediavisuel.com\/","title":{"rendered":"Accueil"},"content":{"rendered":"\n<style type=\"text\/css\" data-created_by=\"avia_inline_auto\" id=\"style-css-av-mh51lhuq-1a8905b6108189a1dee1e5f0c02e2d0d\">\n.avia-section.av-mh51lhuq-1a8905b6108189a1dee1e5f0c02e2d0d{\nbackground-color:#000000;\nbackground-image:url(https:\/\/mediavisuel.com\/wp-content\/uploads\/2025\/10\/background_mediavisuel.jpg);\nbackground-repeat:no-repeat;\nbackground-position:50% 50%;\nbackground-attachment:scroll;\n}\n<\/style>\n<div id='av_section_1'  class='avia-section av-mh51lhuq-1a8905b6108189a1dee1e5f0c02e2d0d alternate_color avia-section-huge avia-no-border-styling  avia-builder-el-0  el_before_av_layout_row  avia-builder-el-first  avia-full-contain avia-bg-style-scroll container_wrap fullsize'  data-section-bg-repeat='contain'><div class='container av-section-cont-open' ><main  role=\"main\" itemprop=\"mainContentOfPage\"  class='template-page content  av-content-full alpha units'><div class='post-entry post-entry-type-page post-entry-2'><div class='entry-content-wrapper clearfix'>\n<div  class='flex_column av-c0dc-0384d79679dc5a75436a34a38e18aa9a av_one_full  avia-builder-el-1  el_before_av_one_full  avia-builder-el-first  first flex_column_div  '     ><p><section  class='av_textblock_section av-mh51m4r0-d233d704fef9734e62382cfb0166e1c1 '   itemscope=\"itemscope\" itemtype=\"https:\/\/schema.org\/CreativeWork\" ><div class='avia_textblock'  itemprop=\"text\" ><p><img decoding=\"async\" class=\"aligncenter wp-image-16\" src=\"https:\/\/mediavisuel.com\/wp-content\/uploads\/2025\/10\/logo_mediavisuel.svg\" alt=\"\" width=\"600\" \/><\/p>\n<\/div><\/section><br \/>\n\n<style type=\"text\/css\" data-created_by=\"avia_inline_auto\" id=\"style-css-av-mh51xz8n-a239f7bbdbfab31cb235f766b8a07b17\">\n#top .hr.hr-invisible.av-mh51xz8n-a239f7bbdbfab31cb235f766b8a07b17{\nheight:30px;\n}\n<\/style>\n<div  class='hr av-mh51xz8n-a239f7bbdbfab31cb235f766b8a07b17 hr-invisible  avia-builder-el-3  el_after_av_textblock  avia-builder-el-last '><span class='hr-inner '><span class=\"hr-inner-style\"><\/span><\/span><\/div><\/p><\/div>\n<style type=\"text\/css\" data-created_by=\"avia_inline_auto\" id=\"style-css-av-mh52hp5v-fd84d840dc7577e1e12eac70746d5025\">\n\n@media only screen and (min-width: 990px){ \n.flex_column.av-mh52hp5v-fd84d840dc7577e1e12eac70746d5025{\npadding:0 300px 0 300px;\n}\n}\n<\/style>\n<div  class='flex_column av-mh52hp5v-fd84d840dc7577e1e12eac70746d5025 av_one_full  avia-builder-el-4  el_after_av_one_full  avia-builder-el-last  first flex_column_div  column-top-margin'     ><section  class='av_textblock_section av-9o8g-85e44783856f0360325cfa404f5f58c9 '   itemscope=\"itemscope\" itemtype=\"https:\/\/schema.org\/CreativeWork\" ><div class='avia_textblock'  itemprop=\"text\" ><p style=\"text-align: center;\">Sp\u00e9cialis\u00e9 dans la fabrication sur mesure <strong>de <\/strong><strong>pr\u00e9sentoirs et de mobilier commercial,<\/strong> M\u00e9dia Visuel met tout en oeuvre pour mettre vos produits en valeur.<\/p>\n<\/div><\/section><\/div>\n\n<\/div><\/div><\/main><!-- close content main element --><\/div><\/div><div id='av-layout-grid-1'  class='av-layout-grid-container av-86t4-9207e62ac80e1356714ca9f367b346f1 entry-content-wrapper main_color av-flex-cells  avia-builder-el-6  el_after_av_section  el_before_av_section  grid-row-not-first  container_wrap fullsize'  >\n\n<style type=\"text\/css\" data-created_by=\"avia_inline_auto\" id=\"style-css-av-mh51nxil-f7c1ab914abfbd1cadcc1a82281891ba\">\n.flex_cell.av-mh51nxil-f7c1ab914abfbd1cadcc1a82281891ba{\nvertical-align:middle;\nbackground-color:#e8631c;\n}\n\n@media only screen and (min-width: 990px){ \n.responsive #top #wrap_all .flex_cell.av-mh51nxil-f7c1ab914abfbd1cadcc1a82281891ba{\npadding:70px 70px 70px 150px !important;\n}\n}\n\n@media only screen and (max-width: 479px){ \n.responsive #top #wrap_all .flex_cell.av-mh51nxil-f7c1ab914abfbd1cadcc1a82281891ba{\npadding:40px 30px 30px 30px !important;\n}\n}\n<\/style>\n<div class='flex_cell av-mh51nxil-f7c1ab914abfbd1cadcc1a82281891ba av-gridrow-cell av_one_half no_margin  avia-builder-el-7  el_before_av_cell_one_half  avia-builder-el-first  content-align-middle'  ><div class='flex_cell_inner'><p><div class='flex_column_table av-mh52dc1r-1a14b3a5f176bb1b66812d3eda644d43 sc-av_one_fifth av-equal-height-column-flextable'>\n<style type=\"text\/css\" data-created_by=\"avia_inline_auto\" id=\"style-css-av-mh52dc1r-1a14b3a5f176bb1b66812d3eda644d43\">\n.flex_column.av-mh52dc1r-1a14b3a5f176bb1b66812d3eda644d43{\nwidth:18.4%;\nmargin-left:0;\n}\n#top .flex_column_table.av-equal-height-column-flextable.av-mh52dc1r-1a14b3a5f176bb1b66812d3eda644d43 .av-flex-placeholder{\nwidth:2%;\n}\n<\/style>\n<div  class='flex_column av-mh52dc1r-1a14b3a5f176bb1b66812d3eda644d43 av_one_fifth  avia-builder-el-8  el_before_av_four_fifth  avia-builder-el-first  first flex_column_table_cell av-equal-height-column av-align-middle av-hide-on-mobile  '     ><style type=\"text\/css\" data-created_by=\"avia_inline_auto\" id=\"style-css-av-627w-4650056cbbaea63260168b44c3062460\">\n#top .av_textblock_section.av-627w-4650056cbbaea63260168b44c3062460 .avia_textblock{\ncolor:#ffffff;\n}\n<\/style>\n<section  class='av_textblock_section av-627w-4650056cbbaea63260168b44c3062460 '   itemscope=\"itemscope\" itemtype=\"https:\/\/schema.org\/CreativeWork\" ><div class='avia_textblock av_inherit_color'  itemprop=\"text\" ><p><img decoding=\"async\" class=\"wp-image-30 aligncenter\" src=\"https:\/\/mediavisuel.com\/wp-content\/uploads\/2025\/10\/ligne.svg\" alt=\"\" width=\"5\" \/><\/p>\n<\/div><\/section><\/div><div class='av-flex-placeholder'><\/div>\n<style type=\"text\/css\" data-created_by=\"avia_inline_auto\" id=\"style-css-av-2jag-3916cbf439a5e54df461f0a145696f44\">\n.flex_column.av-2jag-3916cbf439a5e54df461f0a145696f44{\nwidth:79.6%;\nmargin-left:0;\n}\n#top .flex_column_table.av-equal-height-column-flextable.av-2jag-3916cbf439a5e54df461f0a145696f44 .av-flex-placeholder{\nwidth:2%;\n}\n<\/style>\n<div  class='flex_column av-2jag-3916cbf439a5e54df461f0a145696f44 av_four_fifth  avia-builder-el-10  el_after_av_one_fifth  avia-builder-el-last  flex_column_table_cell av-equal-height-column av-align-middle  '     ><style type=\"text\/css\" data-created_by=\"avia_inline_auto\" id=\"style-css-av-pji-638a912ce43f1d2470a1fe358fa030e2\">\n#top .av_textblock_section.av-pji-638a912ce43f1d2470a1fe358fa030e2 .avia_textblock{\ncolor:#ffffff;\n}\n<\/style>\n<section  class='av_textblock_section av-pji-638a912ce43f1d2470a1fe358fa030e2 '   itemscope=\"itemscope\" itemtype=\"https:\/\/schema.org\/CreativeWork\" ><div class='avia_textblock av_inherit_color'  itemprop=\"text\" ><p>Avec 40 ans d\u2019exp\u00e9rience dans le domaine, nous proposons une solution globale afin de cr\u00e9er des \u00e9l\u00e9ments sur mesure, adapt\u00e9s \u00e0 vos besoins et \u00e0 votre image de marque.<\/p>\n<\/div><\/section><\/div><\/div><!--close column table wrapper. Autoclose: 1 --><\/p>\n<\/div><\/div>\n<style type=\"text\/css\" data-created_by=\"avia_inline_auto\" id=\"style-css-av-mh51pkdp-0014020ce878273f8f5779fef02ecdf0\">\n.flex_cell.av-mh51pkdp-0014020ce878273f8f5779fef02ecdf0{\nvertical-align:middle;\n}\n\n@media only screen and (min-width: 990px){ \n.responsive #top #wrap_all .flex_cell.av-mh51pkdp-0014020ce878273f8f5779fef02ecdf0{\npadding:50px 50px 50px 50px !important;\n}\n}\n\n@media only screen and (max-width: 479px){ \n.responsive #top #wrap_all .flex_cell.av-mh51pkdp-0014020ce878273f8f5779fef02ecdf0{\npadding:30px 30px 50px 30px !important;\n}\n}\n<\/style>\n<div class='flex_cell av-mh51pkdp-0014020ce878273f8f5779fef02ecdf0 av-gridrow-cell av_one_half no_margin  avia-builder-el-12  el_after_av_cell_one_half  avia-builder-el-last  content-align-middle'  ><div class='flex_cell_inner'><section  class='av_textblock_section av-2lig-c140908ed36ba3f633327e41e504a4d0 '   itemscope=\"itemscope\" itemtype=\"https:\/\/schema.org\/CreativeWork\" ><div class='avia_textblock'  itemprop=\"text\" ><p><strong>Contactez-nous pour votre projet<\/strong><\/p>\n<p><strong>Daniel Goulet<\/strong><br \/>\nM\u00e9diavisuel Communications &amp; Productions Inc.<br \/>\nSaint-Eustache, Qc.<\/p>\n<div class=\"container2\">\n<div class=\"image2\"><img decoding=\"async\" class=\"alignnone wp-image-25\" src=\"https:\/\/mediavisuel.com\/wp-content\/uploads\/2025\/10\/icon-04.svg\" alt=\"\" width=\"20\" \/><\/div>\n<div class=\"text2\"><span style=\"font-size: 100%;\">Cell. 514 815 0556<\/span><\/div>\n<\/div>\n<div class=\"container2\">\n<div class=\"image2\"><img decoding=\"async\" class=\"alignnone wp-image-25\" src=\"https:\/\/mediavisuel.com\/wp-content\/uploads\/2025\/10\/icon-05.svg\" alt=\"\" width=\"20\" \/><\/div>\n<div class=\"text2\"><span style=\"font-size: 100%;\">dgoulet@mediavisuel.com<\/span><\/div>\n<\/div>\n<\/div><\/section>\n<\/div><\/div><\/div>\n<style type=\"text\/css\" data-created_by=\"avia_inline_auto\" id=\"style-css-av-mh51q1bt-2805f4f33b4de6a9ebfb813cd983f26f\">\n.avia-section.av-mh51q1bt-2805f4f33b4de6a9ebfb813cd983f26f{\nbackground-color:#d6d6d6;\nbackground-image:unset;\n}\n<\/style>\n<div id='av_section_2'  class='avia-section av-mh51q1bt-2805f4f33b4de6a9ebfb813cd983f26f main_color avia-section-small avia-no-border-styling  avia-builder-el-14  el_after_av_layout_row  avia-builder-el-last  avia-bg-style-scroll container_wrap fullsize'  ><div class='container av-section-cont-open' ><div class='template-page content  av-content-full alpha units'><div class='post-entry post-entry-type-page post-entry-2'><div class='entry-content-wrapper clearfix'>\n<div  class='flex_column av-gyc-decf1af810c953a57d3e058994106dce av_one_full  avia-builder-el-15  avia-builder-el-no-sibling  first flex_column_div  '     ><section  class='av_textblock_section av-2gig-4856828b8059f1d546abea93a01e1031 '   itemscope=\"itemscope\" itemtype=\"https:\/\/schema.org\/CreativeWork\" ><div class='avia_textblock'  itemprop=\"text\" ><p style=\"text-align: center;\"><span style=\"font-size: 200%; font-weight: 400; color: #615d5a;\">Site en d\u00e9veloppement<\/span><\/p>\n<p style=\"text-align: center;\"><span style=\"font-size: 80%; color: #615d5a;\">\u00a9 Tous droits r\u00e9serv\u00e9s MediaVisuel<\/span><\/p>\n<\/div><\/section><\/div>\n<\/p>\n","protected":false},"excerpt":{"rendered":"","protected":false},"author":1,"featured_media":0,"parent":0,"menu_order":0,"comment_status":"closed","ping_status":"closed","template":"","meta":{"footnotes":""},"class_list":["post-2","page","type-page","status-publish","hentry"],"_links":{"self":[{"href":"https:\/\/mediavisuel.com\/index.php?rest_route=\/wp\/v2\/pages\/2","targetHints":{"allow":["GET"]}}],"collection":[{"href":"https:\/\/mediavisuel.com\/index.php?rest_route=\/wp\/v2\/pages"}],"about":[{"href":"https:\/\/mediavisuel.com\/index.php?rest_route=\/wp\/v2\/types\/page"}],"author":[{"embeddable":true,"href":"https:\/\/mediavisuel.com\/index.php?rest_route=\/wp\/v2\/users\/1"}],"replies":[{"embeddable":true,"href":"https:\/\/mediavisuel.com\/index.php?rest_route=%2Fwp%2Fv2%2Fcomments&post=2"}],"version-history":[{"count":19,"href":"https:\/\/mediavisuel.com\/index.php?rest_route=\/wp\/v2\/pages\/2\/revisions"}],"predecessor-version":[{"id":40,"href":"https:\/\/mediavisuel.com\/index.php?rest_route=\/wp\/v2\/pages\/2\/revisions\/40"}],"wp:attachment":[{"href":"https:\/\/mediavisuel.com\/index.php?rest_route=%2Fwp%2Fv2%2Fmedia&parent=2"}],"curies":[{"name":"wp","href":"https:\/\/api.w.org\/{rel}","templated":true}]}}